{"id":15774,"date":"2025-04-30T16:24:44","date_gmt":"2025-04-30T14:24:44","guid":{"rendered":"http:\/\/localhost:8081\/DouniaEssafar\/?page_id=15774"},"modified":"2025-07-10T11:59:41","modified_gmt":"2025-07-10T10:59:41","slug":"hotel-international","status":"publish","type":"page","link":"https:\/\/douniaessafar.com\/index.php\/hotel-international\/","title":{"rendered":"H\u00f4tel international"},"content":{"rendered":"\t\t<div data-elementor-type=\"wp-page\" data-elementor-id=\"15774\" class=\"elementor elementor-15774\">\n\t\t\t\t\t\t<section class=\"wd-negative-gap elementor-section elementor-top-section elementor-element elementor-element-dcef344 elementor-section-boxed elementor-section-height-default elementor-section-height-default wpr-particle-no wpr-jarallax-no wpr-parallax-no wpr-sticky-section-no wpr-equal-height-no\" data-id=\"dcef344\" data-element_type=\"section\" data-e-type=\"section\">\n\t\t\t\t\t\t<div class=\"elementor-container elementor-column-gap-default\">\n\t\t\t\t\t<div class=\"elementor-column elementor-col-50 elementor-top-column elementor-element elementor-element-d456094\" data-id=\"d456094\" data-element_type=\"column\" data-e-type=\"column\">\n\t\t\t<div class=\"elementor-widget-wrap elementor-element-populated\">\n\t\t\t\t\t\t<div class=\"elementor-element elementor-element-90e62f3 elementor-widget elementor-widget-heading\" data-id=\"90e62f3\" data-element_type=\"widget\" data-e-type=\"widget\" data-widget_type=\"heading.default\">\n\t\t\t\t<div class=\"elementor-widget-container\">\n\t\t\t\t\t<h2 class=\"elementor-heading-title elementor-size-default\"> L\u2019Excellence H\u00f4teli\u00e8re aux Quatre Coins du Monde<\/h2>\t\t\t\t<\/div>\n\t\t\t\t<\/div>\n\t\t\t\t<div class=\"elementor-element elementor-element-d6c7152 color-scheme-inherit text-left elementor-widget elementor-widget-text-editor\" data-id=\"d6c7152\" data-element_type=\"widget\" data-e-type=\"widget\" data-widget_type=\"text-editor.default\">\n\t\t\t\t<div class=\"elementor-widget-container\">\n\t\t\t\t\t\t\t\t\t<p class=\"\" data-start=\"155\" data-end=\"339\">Que ce soit pour un week-end en famille, un voyage d\u2019affaires ou des vacances entre amis, trouvez et r\u00e9servez facilement votre h\u00f4tel partout dans le monde.<br data-start=\"346\" data-end=\"349\" \/>Confort, praticit\u00e9 et diversit\u00e9 des h\u00e9bergements \u00e0 port\u00e9e de clic \u2013explorez les destinations internationales en toute s\u00e9r\u00e9nit\u00e9.<\/p>\t\t\t\t\t\t\t\t<\/div>\n\t\t\t\t<\/div>\n\t\t\t\t<div class=\"elementor-element elementor-element-1fcdb0b elementor-align-left banner-promo elementor-widget elementor-widget-button\" data-id=\"1fcdb0b\" data-element_type=\"widget\" data-e-type=\"widget\" data-widget_type=\"button.default\">\n\t\t\t\t<div class=\"elementor-widget-container\">\n\t\t\t\t\t\t\t\t\t<div class=\"elementor-button-wrapper\">\n\t\t\t\t\t<a class=\"elementor-button elementor-button-link elementor-size-sm\" href=\"#\">\n\t\t\t\t\t\t<span class=\"elementor-button-content-wrapper\">\n\t\t\t\t\t\t\t\t\t<span class=\"elementor-button-text\">R\u00e9servez d\u00e8s maintenant votre h\u00f4tel<\/span>\n\t\t\t\t\t<\/span>\n\t\t\t\t\t<\/a>\n\t\t\t\t<\/div>\n\t\t\t\t\t\t\t\t<\/div>\n\t\t\t\t<\/div>\n\t\t\t\t\t<\/div>\n\t\t<\/div>\n\t\t\t\t<div class=\"elementor-column elementor-col-50 elementor-top-column elementor-element elementor-element-ad6bcac\" data-id=\"ad6bcac\" data-element_type=\"column\" data-e-type=\"column\">\n\t\t\t<div class=\"elementor-widget-wrap elementor-element-populated\">\n\t\t\t\t\t\t<div class=\"elementor-element elementor-element-da6db8d elementor-widget elementor-widget-image\" data-id=\"da6db8d\" data-element_type=\"widget\" data-e-type=\"widget\" data-widget_type=\"image.default\">\n\t\t\t\t<div class=\"elementor-widget-container\">\n\t\t\t\t\t\t\t\t\t\t\t\t\t\t\t<img fetchpriority=\"high\" decoding=\"async\" width=\"1000\" height=\"667\" src=\"https:\/\/douniaessafar.com\/wp-content\/uploads\/2025\/07\/singapore-header.jpg\" class=\"attachment-large size-large wp-image-17135\" alt=\"\" srcset=\"https:\/\/douniaessafar.com\/wp-content\/uploads\/2025\/07\/singapore-header.jpg 1000w, https:\/\/douniaessafar.com\/wp-content\/uploads\/2025\/07\/singapore-header-430x287.jpg 430w, https:\/\/douniaessafar.com\/wp-content\/uploads\/2025\/07\/singapore-header-150x100.jpg 150w, https:\/\/douniaessafar.com\/wp-content\/uploads\/2025\/07\/singapore-header-700x467.jpg 700w, https:\/\/douniaessafar.com\/wp-content\/uploads\/2025\/07\/singapore-header-400x267.jpg 400w, https:\/\/douniaessafar.com\/wp-content\/uploads\/2025\/07\/singapore-header-768x512.jpg 768w\" sizes=\"(max-width: 1000px) 100vw, 1000px\" \/>\t\t\t\t\t\t\t\t\t\t\t\t\t\t\t<\/div>\n\t\t\t\t<\/div>\n\t\t\t\t\t<\/div>\n\t\t<\/div>\n\t\t\t\t\t<\/div>\n\t\t<\/section>\n\t\t\t\t<section class=\"wd-negative-gap elementor-section elementor-top-section elementor-element elementor-element-ea51630 elementor-section-height-min-height elementor-section-boxed elementor-section-height-default elementor-section-items-middle wpr-particle-no wpr-jarallax-no wpr-parallax-no wpr-sticky-section-no wpr-equal-height-no\" data-id=\"ea51630\" data-element_type=\"section\" data-e-type=\"section\" data-settings=\"{&quot;background_background&quot;:&quot;classic&quot;}\">\n\t\t\t\t\t\t\t<div class=\"elementor-background-overlay\"><\/div>\n\t\t\t\t\t\t\t<div class=\"elementor-container elementor-column-gap-default\">\n\t\t\t\t\t<div class=\"elementor-column elementor-col-50 elementor-top-column elementor-element elementor-element-07383ab elementor-hidden-tablet elementor-hidden-mobile\" data-id=\"07383ab\" data-element_type=\"column\" data-e-type=\"column\">\n\t\t\t<div class=\"elementor-widget-wrap\">\n\t\t\t\t\t\t\t<\/div>\n\t\t<\/div>\n\t\t\t\t<div class=\"elementor-column elementor-col-50 elementor-top-column elementor-element elementor-element-085b71c\" data-id=\"085b71c\" data-element_type=\"column\" data-e-type=\"column\">\n\t\t\t<div class=\"elementor-widget-wrap elementor-element-populated\">\n\t\t\t\t\t\t<div class=\"elementor-element elementor-element-e31afdd elementor-widget elementor-widget-heading\" data-id=\"e31afdd\" data-element_type=\"widget\" data-e-type=\"widget\" data-widget_type=\"heading.default\">\n\t\t\t\t<div class=\"elementor-widget-container\">\n\t\t\t\t\t<h2 class=\"elementor-heading-title elementor-size-default\">Profitez de la meilleure exp\u00e9rience avec nous<\/h2>\t\t\t\t<\/div>\n\t\t\t\t<\/div>\n\t\t\t\t<div class=\"elementor-element elementor-element-4ff4eb4 elementor-widget-divider--view-line elementor-widget elementor-widget-divider\" data-id=\"4ff4eb4\" data-element_type=\"widget\" data-e-type=\"widget\" data-widget_type=\"divider.default\">\n\t\t\t\t<div class=\"elementor-widget-container\">\n\t\t\t\t\t\t\t<div class=\"elementor-divider\">\n\t\t\t<span class=\"elementor-divider-separator\">\n\t\t\t\t\t\t<\/span>\n\t\t<\/div>\n\t\t\t\t\t\t<\/div>\n\t\t\t\t<\/div>\n\t\t\t\t<div class=\"elementor-element elementor-element-20aa831 color-scheme-inherit text-left elementor-widget elementor-widget-text-editor\" data-id=\"20aa831\" data-element_type=\"widget\" data-e-type=\"widget\" data-widget_type=\"text-editor.default\">\n\t\t\t\t<div class=\"elementor-widget-container\">\n\t\t\t\t\t\t\t\t\t<p>Partez l\u2019esprit tranquille et laissez-nous transformer votre voyage en un moment inoubliable. Gr\u00e2ce \u00e0 notre expertise, notre passion et notre attention aux d\u00e9tails, chaque s\u00e9jour devient une aventure unique, faite sur mesure pour vous.<\/p>\t\t\t\t\t\t\t\t<\/div>\n\t\t\t\t<\/div>\n\t\t\t\t\t<\/div>\n\t\t<\/div>\n\t\t\t\t\t<\/div>\n\t\t<\/section>\n\t\t<div class=\"wd-negative-gap elementor-element elementor-element-a9785ec e-flex e-con-boxed wpr-particle-no wpr-jarallax-no wpr-parallax-no wpr-sticky-section-no wpr-equal-height-no e-con e-parent\" data-id=\"a9785ec\" data-element_type=\"container\" data-e-type=\"container\">\n\t\t\t\t\t<div class=\"e-con-inner\">\n\t\t\t\t<div class=\"elementor-element elementor-element-b4bf69e elementor-widget elementor-widget-html\" data-id=\"b4bf69e\" data-element_type=\"widget\" data-e-type=\"widget\" data-widget_type=\"html.default\">\n\t\t\t\t<div class=\"elementor-widget-container\">\n\t\t\t\t\t<!-- POP-UP DU FORMULAIRE -->\r\n<div id=\"popup-form\" style=\"display:none; position:fixed; top:50%; left:50%; transform:translate(-50%, -50%); background:white; padding:20px; z-index:1000; box-shadow:0 0 20px rgba(0,0,0,0.4); max-width:600px; width:90%; max-height:80vh; overflow-y:auto; border-radius:8px;\">\r\n  <span id=\"close-popup\" style=\"position:absolute; top:10px; right:15px; font-size:24px; font-weight:bold; cursor:pointer;\">&times;<\/span>\r\n  \r\n  <!-- Ton shortcode Contact Form 7 -->\r\n  \n<div class=\"wpcf7 no-js\" id=\"wpcf7-f16742-o1\" lang=\"fr-FR\" dir=\"ltr\" data-wpcf7-id=\"16742\">\n<div class=\"screen-reader-response\"><p role=\"status\" aria-live=\"polite\" aria-atomic=\"true\"><\/p> <ul><\/ul><\/div>\n<form action=\"\/index.php\/wp-json\/wp\/v2\/pages\/15774#wpcf7-f16742-o1\" method=\"post\" class=\"wpcf7-form init\" aria-label=\"Formulaire de contact\" novalidate=\"novalidate\" data-status=\"init\">\n<fieldset class=\"hidden-fields-container\"><input type=\"hidden\" name=\"_wpcf7\" value=\"16742\" \/><input type=\"hidden\" name=\"_wpcf7_version\" value=\"6.1.5\" \/><input type=\"hidden\" name=\"_wpcf7_locale\" value=\"fr_FR\" \/><input type=\"hidden\" name=\"_wpcf7_unit_tag\" value=\"wpcf7-f16742-o1\" \/><input type=\"hidden\" name=\"_wpcf7_container_post\" value=\"0\" \/><input type=\"hidden\" name=\"_wpcf7_posted_data_hash\" value=\"\" \/>\n<\/fieldset>\n<h3>\ud83c\udf0d R\u00e9servation d\u2019H\u00f4tel \u2013 S\u00e9jour \u00e0 l\u2019international\n<\/h3>\n<p><strong>Informations personnelles<\/strong>\n<\/p>\n<p>Nom complet (obligatoire)\n<\/p>\n<p><span class=\"wpcf7-form-control-wrap\" data-name=\"nom\"><input size=\"40\" maxlength=\"400\" class=\"wpcf7-form-control wpcf7-text wpcf7-validates-as-required\" aria-required=\"true\" aria-invalid=\"false\" value=\"\" type=\"text\" name=\"nom\" \/><\/span>\n<\/p>\n<p>T\u00e9l\u00e9phone (obligatoire)\n<\/p>\n<p><span class=\"wpcf7-form-control-wrap\" data-name=\"telephone\"><input size=\"40\" maxlength=\"400\" class=\"wpcf7-form-control wpcf7-tel wpcf7-validates-as-required wpcf7-text wpcf7-validates-as-tel\" aria-required=\"true\" aria-invalid=\"false\" value=\"\" type=\"tel\" name=\"telephone\" \/><\/span>\n<\/p>\n<p>Adresse e-mail (obligatoire)\n<\/p>\n<p><span class=\"wpcf7-form-control-wrap\" data-name=\"email\"><input size=\"40\" maxlength=\"400\" class=\"wpcf7-form-control wpcf7-email wpcf7-validates-as-required wpcf7-text wpcf7-validates-as-email\" aria-required=\"true\" aria-invalid=\"false\" value=\"\" type=\"email\" name=\"email\" \/><\/span>\n<\/p>\n<p><strong>Informations de s\u00e9jour<\/strong>\n<\/p>\n<p>Pays\n<\/p>\n<p><span class=\"wpcf7-form-control-wrap\" data-name=\"pays\"><input size=\"40\" maxlength=\"400\" class=\"wpcf7-form-control wpcf7-text\" aria-invalid=\"false\" placeholder=\"Ex : France, Turquie, Espagne...\" value=\"\" type=\"text\" name=\"pays\" \/><\/span>\n<\/p>\n<p>Ville\n<\/p>\n<p><span class=\"wpcf7-form-control-wrap\" data-name=\"ville\"><input size=\"40\" maxlength=\"400\" class=\"wpcf7-form-control wpcf7-text\" aria-invalid=\"false\" placeholder=\"Ex : Paris, Istanbul, Barcelone...\" value=\"\" type=\"text\" name=\"ville\" \/><\/span>\n<\/p>\n<p>Nom de l\u2019h\u00f4tel\n<\/p>\n<p><span class=\"wpcf7-form-control-wrap\" data-name=\"nom-hotel\"><input size=\"40\" maxlength=\"400\" class=\"wpcf7-form-control wpcf7-text\" aria-invalid=\"false\" value=\"\" type=\"text\" name=\"nom-hotel\" \/><\/span>\n<\/p>\n<p>Nombre d\u2019\u00e9toiles\n<\/p>\n<p><span class=\"wpcf7-form-control-wrap\" data-name=\"etoiles\"><select class=\"wpcf7-form-control wpcf7-select\" aria-invalid=\"false\" name=\"etoiles\"><option value=\"1 \u00e9toile\">1 \u00e9toile<\/option><option value=\"2 \u00e9toiles\">2 \u00e9toiles<\/option><option value=\"3 \u00e9toiles\">3 \u00e9toiles<\/option><option value=\"4 \u00e9toiles\">4 \u00e9toiles<\/option><option value=\"5 \u00e9toiles\">5 \u00e9toiles<\/option><\/select><\/span>\n<\/p>\n<p>Date d\u2019arriv\u00e9e\n<\/p>\n<p><span class=\"wpcf7-form-control-wrap\" data-name=\"date-arrivee\"><input class=\"wpcf7-form-control wpcf7-date wpcf7-validates-as-date\" aria-invalid=\"false\" value=\"\" type=\"date\" name=\"date-arrivee\" \/><\/span>\n<\/p>\n<p>Date de d\u00e9part\n<\/p>\n<p><span class=\"wpcf7-form-control-wrap\" data-name=\"date-depart\"><input class=\"wpcf7-form-control wpcf7-date wpcf7-validates-as-date\" aria-invalid=\"false\" value=\"\" type=\"date\" name=\"date-depart\" \/><\/span>\n<\/p>\n<p>Nombre d\u2019adultes\n<\/p>\n<p><span class=\"wpcf7-form-control-wrap\" data-name=\"nb-adultes\"><input class=\"wpcf7-form-control wpcf7-number wpcf7-validates-as-number\" min=\"1\" aria-invalid=\"false\" value=\"\" type=\"number\" name=\"nb-adultes\" \/><\/span>\n<\/p>\n<p>Nombre d\u2019enfants\n<\/p>\n<p><span class=\"wpcf7-form-control-wrap\" data-name=\"nb-enfants\"><input class=\"wpcf7-form-control wpcf7-number wpcf7-validates-as-number\" min=\"0\" aria-invalid=\"false\" value=\"\" type=\"number\" name=\"nb-enfants\" \/><\/span>\n<\/p>\n<p><strong>Identification<\/strong>\n<\/p>\n<p>Type de pi\u00e8ce d\u2019identit\u00e9\n<\/p>\n<p><span class=\"wpcf7-form-control-wrap\" data-name=\"type-piece\"><select class=\"wpcf7-form-control wpcf7-select\" aria-invalid=\"false\" name=\"type-piece\"><option value=\"Passeport\" selected=\"selected\">Passeport<\/option><option value=\"Carte Nationale\">Carte Nationale<\/option><\/select><\/span>\n<\/p>\n<p>Num\u00e9ro de la pi\u00e8ce\n<\/p>\n<p><span class=\"wpcf7-form-control-wrap\" data-name=\"num-piece\"><input size=\"40\" maxlength=\"400\" class=\"wpcf7-form-control wpcf7-text\" aria-invalid=\"false\" value=\"\" type=\"text\" name=\"num-piece\" \/><\/span>\n<\/p>\n<p><strong>Remarques ou demandes sp\u00e9ciales<\/strong>\n<\/p>\n<p><span class=\"wpcf7-form-control-wrap\" data-name=\"remarques\"><textarea cols=\"40\" rows=\"10\" maxlength=\"2000\" class=\"wpcf7-form-control wpcf7-textarea\" aria-invalid=\"false\" placeholder=\"Ex : Chambre double, lit b\u00e9b\u00e9, petit d\u00e9jeuner, etc.\" name=\"remarques\"><\/textarea><\/span>\n<\/p>\n<p><span class=\"wpcf7-form-control-wrap\" data-name=\"conditions\"><span class=\"wpcf7-form-control wpcf7-acceptance\"><span class=\"wpcf7-list-item\"><label><input type=\"checkbox\" name=\"conditions\" value=\"1\" aria-invalid=\"false\" \/><span class=\"wpcf7-list-item-label\">J\u2019accepte les conditions de r\u00e9servation.<\/span><\/label><\/span><\/span><\/span>\n<\/p>\n<p><input class=\"wpcf7-form-control wpcf7-submit has-spinner\" type=\"submit\" value=\"R\u00e9server maintenant\" \/>\n<\/p><p style=\"display: none !important;\" class=\"akismet-fields-container\" data-prefix=\"_wpcf7_ak_\"><label>&#916;<textarea name=\"_wpcf7_ak_hp_textarea\" cols=\"45\" rows=\"8\" maxlength=\"100\"><\/textarea><\/label><input type=\"hidden\" id=\"ak_js_1\" name=\"_wpcf7_ak_js\" value=\"53\"\/><script>document.getElementById( \"ak_js_1\" ).setAttribute( \"value\", ( new Date() ).getTime() );<\/script><\/p><div class=\"wpcf7-response-output\" aria-hidden=\"true\"><\/div>\n<\/form>\n<\/div>\n\r\n<\/div>\r\n\r\n<!-- OVERLAY SOMBRE -->\r\n<div id=\"overlay\" style=\"display:none; position:fixed; top:0; left:0; width:100%; height:100%; background:rgba(0,0,0,0.5); z-index:999;\"><\/div>\r\n\r\n<script>\r\n  \/\/ Fonction pour bloquer\/d\u00e9bloquer le scroll du body\r\n  function toggleBodyScroll(enable) {\r\n    document.body.style.overflow = enable ? 'auto' : 'hidden';\r\n  }\r\n\r\n  \/\/ Ouvrir la pop-up au clic sur n'importe quelle banni\u00e8re avec la classe \"banner-promo\"\r\n  document.querySelectorAll('.banner-promo').forEach(function(banner) {\r\n    banner.addEventListener('click', function() {\r\n      document.getElementById(\"popup-form\").style.display = \"block\";\r\n      document.getElementById(\"overlay\").style.display = \"block\";\r\n      toggleBodyScroll(false);\r\n    });\r\n  });\r\n\r\n  \/\/ Fermer la pop-up au clic sur la croix\r\n  document.getElementById(\"close-popup\").onclick = function() {\r\n    document.getElementById(\"popup-form\").style.display = \"none\";\r\n    document.getElementById(\"overlay\").style.display = \"none\";\r\n    toggleBodyScroll(true);\r\n  };\r\n\r\n  \/\/ Fermer la pop-up au clic sur l'overlay sombre\r\n  document.getElementById(\"overlay\").onclick = function() {\r\n    document.getElementById(\"popup-form\").style.display = \"none\";\r\n    document.getElementById(\"overlay\").style.display = \"none\";\r\n    toggleBodyScroll(true);\r\n  };\r\n<\/script>\r\n\t\t\t\t<\/div>\n\t\t\t\t<\/div>\n\t\t\t\t\t<\/div>\n\t\t\t\t<\/div>\n\t\t\t\t<\/div>\n\t\t","protected":false},"excerpt":{"rendered":"<p>L\u2019Excellence H\u00f4teli\u00e8re aux Quatre Coins du Monde Que ce soit pour un week-end en famille, un voyage d\u2019affaires ou des<\/p>\n","protected":false},"author":1,"featured_media":0,"parent":0,"menu_order":0,"comment_status":"closed","ping_status":"closed","template":"","meta":{"footnotes":""},"class_list":["post-15774","page","type-page","status-publish","hentry"],"_links":{"self":[{"href":"https:\/\/douniaessafar.com\/index.php\/wp-json\/wp\/v2\/pages\/15774","targetHints":{"allow":["GET"]}}],"collection":[{"href":"https:\/\/douniaessafar.com\/index.php\/wp-json\/wp\/v2\/pages"}],"about":[{"href":"https:\/\/douniaessafar.com\/index.php\/wp-json\/wp\/v2\/types\/page"}],"author":[{"embeddable":true,"href":"https:\/\/douniaessafar.com\/index.php\/wp-json\/wp\/v2\/users\/1"}],"replies":[{"embeddable":true,"href":"https:\/\/douniaessafar.com\/index.php\/wp-json\/wp\/v2\/comments?post=15774"}],"version-history":[{"count":3,"href":"https:\/\/douniaessafar.com\/index.php\/wp-json\/wp\/v2\/pages\/15774\/revisions"}],"predecessor-version":[{"id":17138,"href":"https:\/\/douniaessafar.com\/index.php\/wp-json\/wp\/v2\/pages\/15774\/revisions\/17138"}],"wp:attachment":[{"href":"https:\/\/douniaessafar.com\/index.php\/wp-json\/wp\/v2\/media?parent=15774"}],"curies":[{"name":"wp","href":"https:\/\/api.w.org\/{rel}","templated":true}]}}